 Let q be y/4 - (-6)/(-12). Calculate the greatest common divisor of q and 8.
8
Let t be 0 - -2 - (1 - 5). Let n(a) be the first derivative of 9*a**2/2 + 3. Let k be n(t). What is the greatest common factor of k and 36?
18
Suppose -2*n + 19 = -5. Let w be (-26)/(-4)*20/1. Let l be w + (-4)/(-1*2). What is the greatest common divisor of l and n?
12
Suppose 0 = 2*j - 1 - 7. Let c(k) be the first derivative of k**3/3 - 6*k**2 - 8*k - 2. Let s be c(14). Calculate the greatest common divisor of s and j.
4
Suppose b + 2*b - 105 = -3*z, 0 = -2*z + 10. What is the greatest common factor of 6 and b?
6
Let r be 5/(-20) + 2/8. Suppose 5*z - p - 33 = 0, r = -3*z - 0*z - 3*p + 9. Suppose -a = 1, 0*y + 2*a = y - 4. What is the greatest common divisor of y and z?
2
Let d(p) = -p**2 - 5*p. Let m be d(-5). Suppose -60 = -4*a + h, -3*h = 5*a - m*h - 75. Calculate the highest common factor of 6 and a.
3
Suppose -4*t + 58 = 2. Let d be (0/(-3 + 2))/(-2). Suppose -4*q + 2*q + 112 = d. Calculate the highest common factor of t and q.
14
Suppose 3*a + 2*a - 5 = 0. Let h be 24 + -2*(a - 0). Calculate the greatest common divisor of 11 and h.
11
Let t be -2 + 2 + -2 + 5. Let k = -1 + t. Suppose k*o - o - 193 = -3*a, 5*o = a - 59. What is the highest common divisor of 16 and a?
16
Let v = 31 + -14. Calculate the greatest common divisor of v and 34.
17
Suppose -4 - 5 = -w. What is the highest common factor of 45 and w?
9
Let m = 10 - -2. Suppose 5*h - 183 = -5*k + 92, -3*k - 315 = -5*h. Calculate the highest common factor of m and h.
12
Let g = 12 - 0. Let q(h) = -h**3 - 2*h**2 + 5*h. Let x be q(-4). What is the highest common divisor of x and g?
12
Let p = 140 - 85. Let n(q) = 2*q**2 + 2*q + 3. Let y be n(3). Suppose m - 5*f - y = 5, -2*m + 50 = -3*f. What is the greatest common divisor of p and m?
11
Let r(c) = -c**2 + 9*c. Let b be r(7). Let h = -2 + b. Calculate the highest common divisor of 6 and h.
6
Let z(m) = -m**3 - 10*m**2 + 10*m - 9. Let d be z(-11). What is the highest common factor of 14 and d?
2
Let h(v) = -v**2 - 8*v - 7. Let u be h(-5). Let m = 48 + -12. Suppose 4*q + 2*d = -2*d + 60, 4*d - m = -2*q. Calculate the greatest common factor of u and q.
4
Let d be (-20 + 16)/((-1)/6). Calculate the greatest common factor of d and 12.
12
Suppose -3*h = -7*h + 12. What is the highest common divisor of h and 1?
1
Suppose 5*x = -3*q - 0*q + 68, x = -5*q + 18. Let h(r) = 2*r - 5. Let l be h(5). Let t be 453/l + (-12)/(-30). What is the greatest common factor of x and t?
13
Suppose 2*t + 5 = -5*j - 3*t, t = 2*j - 1. Suppose -2*u - p + 8 + 6 = j, -2*u - 5*p = 2. Calculate the greatest common factor of 99 and u.
9
Suppose 260 = 4*m + 4*b, 0 = -3*m + 2*b + 217 + 3. Calculate the greatest common factor of 35 and m.
35
Let x(b) = 14*b + 2. Let g be x(2). Let a = -4 - -14. What is the greatest common factor of g and a?
10
Let y = 288 + -177. Suppose 3*v = -4*l + y, 5*l - 4*l - 5*v = 22. What is the highest common factor of 27 and l?
27
Let i be -2 - 1/(-1) - -19. Suppose 5*z - 740 = 5*c - 0*c, z = -5*c + 124. What is the greatest common factor of z and i?
18
Suppose 0 = -3*w - 3*v - 3, 7*w = 4*w - 2*v + 2. Let s = 15 - w. What is the greatest common divisor of s and 121?
11
Let z = -9 - -15. Let k = 7 - z. Calculate the greatest common divisor of 1 and k.
1
Suppose -3*m = -y - 155, 223 = 4*m - 3*y + 8. What is the highest common factor of m and 20?
10
Suppose -2210 = -7*i - 3*i. Calculate the greatest common factor of i and 17.
17
Let u(v) = 14*v - 7. Let k be u(9). Let h = -83 + k. What is the greatest common factor of h and 12?
12
Suppose -7*g + 2*g = -160. Calculate the highest common factor of 4 and g.
4
Suppose -22*s = -21*s - 16. Let f = 127 - 63. What is the greatest common divisor of f and s?
16
Let s(x) = -51*x**3 - 3*x - 2. Let b be s(-1). What is the greatest common divisor of b and 52?
52
Let p(z) = 83*z**2 + z + 1. Let t be p(-1). Suppose 2*x = t + 223. Let d = -19 - -36. What is the highest common divisor of x and d?
17
Let l be -3*(-1)/3 + 2. Let y = -11 - -16. Suppose -l*g = b + y, -5*b = -4*g - 25 - 26. Calculate the highest common divisor of b and 77.
7
Let s = 3 + 0. Let y = -11 + 29. Let q be (-862)/(-26) - y/117. Calculate the highest common factor of s and q.
3
Let r(z) = z**3 + 16*z**2 + 11. Let y be r(-16). Calculate the greatest common divisor of 1 and y.
1
Let j be 1*(-1 + 155) - 1. Suppose 0 = -2*x + 8 + 64. Suppose -5*r + 2*s = -89, 2*r + 12 = -5*s + x. What is the highest common divisor of j and r?
17
Suppose -2 = k, d - 54 = 4*k + k. Calculate the greatest common divisor of 4 and d.
4
Let m be (-1)/((-138)/34 + 4). Calculate the greatest common divisor of 17 and m.
17
Let u = 2 - -1. Suppose u*t - 29 - 76 = 0. Calculate the greatest common factor of 7 and t.
7
Let k(v) = -2*v**3 + 3*v**2 + v + 3. Let n be k(3). Let a = n - -9. Let z be (-4)/(-6) - 112/a. Calculate the highest common factor of z and 20.
10
Suppose 26*x - 31*x = -100. What is the greatest common divisor of 15 and x?
5
Let j(y) = 4*y - 62. Let t be j(16). What is the greatest common divisor of t and 3?
1
Suppose 0 = m - 48 - 22. Let z = 1 + -2. Let x = z + 11. Calculate the highest common factor of x and m.
10
Let c = 33 - 15. Let o(s) = s - 1. Let r(u) = 11*u - 3. Let f(d) = -4*o(d) + r(d). Let k be f(5). What is the highest common factor of k and c?
18
Let f be 1 + 22 + 1*-2. Suppose -93 + f = -w. Let x(o) = o**2 - o + 8. Let r be x(0). What is the highest common divisor of w and r?
8
Suppose -2*n + 1 = w - 5, 4*w - 6 = n. Suppose 78 = n*q + q. Calculate the greatest common divisor of 13 and q.
13
Let n be (13 - -23)*2/6 - 4. Let o = 11 + 5. What is the highest common divisor of o and n?
8
Let c be 28 - -2*1/(-2). Let d = c + -18. What is the greatest common divisor of d and 45?
9
Let x(h) = 22*h**3 - 2*h**2 + 2*h. Let f be x(1). What is the highest common divisor of 66 and f?
22
Let v = -4 + 7. Suppose 32 + 25 = 3*c + 3*r, -v*c + 4*r = -29. Suppose 0 = 5*o + 4*w - 18, -4*w = 2*o - 0*w. Calculate the greatest common factor of o and c.
3
Let h = -38 - -100. Calculate the greatest common factor of 93 and h.
31
Suppose -71 = -8*q + 17. What is the highest common factor of q and 187?
11
Let h(j) = j**3 - 7*j**2 + 9*j - 3. Let i be h(6). Suppose 5*d = 4*d + 26. Let a = -11 + d. Calculate the highest common factor of a and i.
15
Suppose 0 = 4*r + 28 - 136. Suppose -f + 0*f + 3 = 0. Suppose -35 = -4*j + x, -f*j + x + x = -25. What is the highest common factor of j and r?
9
Let t be (2 - -9) + 9/(-3). Suppose -3*o - 264 = -6*o. Calculate the highest common divisor of o and t.
8
Let g = -3 + -1. Let l be (-4 - g)/((-2)/(-2)). Suppose -4*a + 40 = 4*m, 3*a + m + 7 - 27 = l. Calculate the highest common divisor of 15 and a.
5
Suppose 0 = 4*v, -2*j - 2*v - 2 = -5*v. Let n(o) = -1 - 2 + 7*o**2 + 8*o**2 + 2. Let z be n(j). Calculate the highest common divisor of z and 35.
7
Let w = 6 - 4. Let t = 1 - w. Let d = 3 + t. Calculate the greatest common factor of 10 and d.
2
Let c(m) = -m**3 + 11*m**2 - 6*m. Let f be c(10). Calculate the highest common factor of 5 and f.
5
Let c be 3/(-9) - (-32)/6. Suppose -c*v - p = -618, -5*p + 231 + 7 = 2*v. Let y be (-4)/(-18) - v/(-9). What is the highest common divisor of y and 14?
14
Let d(k) = k**3 + k**2 - 3*k - 7. Let a be d(5). Suppose 10*p + 160 = 5*r + 5*p, 4*r + 3*p = a. Calculate the greatest common divisor of 4 and r.
4
Let u = -12 - -21. What is the greatest common factor of u and 9?
9
Let o = 3 + -3. Suppose 3*t - 11 - 34 = o. What is the greatest common factor of 105 and t?
15
Let c(l) = l**2 - 10*l - 29. Let z be c(13). What is the greatest common factor of 80 and z?
10
Suppose 5 = 3*u - 4. Suppose -4*d = -2*j + 268, 2*j - 5*d + u*d = 258. Suppose -19 + j = 5*k. Calculate the highest common factor of k and 189.
21
Let c(i) = -i**2 + 8*i - 4. Let d be c(6). What is the greatest common factor of 24 and d?
8
Let q(f) = -f**3 + 15 - 10 + 2*f**3. Let w be q(3). Calculate the greatest common factor of 96 and w.
32
Let v(j) = 2*j**2 + 2*j + 1. Let k be v(-3). What is the highest common factor of 13 and k?
13
Suppose -3*q + 0*q - 48 = -2*z, -2*z = -5*q - 80. Let a = 29 - q. What is the highest common factor of 18 and a?
9
Let k = 322 - 92. Calcula